{"id":20865,"date":"2024-03-17T21:54:42","date_gmt":"2024-03-17T20:54:42","guid":{"rendered":"https:\/\/novapraguetours.cz\/product\/excursion-de-un-dia-al-campo-de-concentracion-de-terezin-con-degustacion-de-almuerzo-tradicional-checo\/"},"modified":"2025-03-04T00:46:39","modified_gmt":"2025-03-03T23:46:39","slug":"excursion-de-un-dia-al-campo-de-concentracion-de-terezin-con-degustacion-de-almuerzo-tradicional-checo","status":"publish","type":"product","link":"https:\/\/novapraguetours.cz\/es\/producto\/excursion-de-un-dia-al-campo-de-concentracion-de-terezin-con-degustacion-de-almuerzo-tradicional-checo\/","title":{"rendered":"Excursi\u00f3n de un d\u00eda al campo de concentraci\u00f3n de Terezin con degustaci\u00f3n de almuerzo tradicional checo"},"content":{"rendered":"<p class=\"p1\">Una sofisticada fortaleza militar fundada en el siglo XVIII por<span class=\"Apple-converted-space\">  <\/span>Emperador Jos\u00e9 II y nombrado en<span class=\"Apple-converted-space\">  <\/span>honor<span class=\"Apple-converted-space\">  <\/span>de su<span class=\"Apple-converted-space\">  <\/span>madre Emperatriz, Mar\u00eda<span class=\"Apple-converted-space\">  <\/span>Theresa. Pueblo, eso cambi\u00f3 dr\u00e1sticamente durante <span class=\"Apple-converted-space\">  <\/span>la segunda guerra mundial<span class=\"Apple-converted-space\">  <\/span>y fue<span class=\"Apple-converted-space\">  <\/span>convertido<span class=\"Apple-converted-space\">  <\/span>colocar<span class=\"Apple-converted-space\">  <\/span>de<span class=\"Apple-converted-space\">  <\/span>dolor y<span class=\"Apple-converted-space\">  <\/span>tambi\u00e9n sufren<span class=\"Apple-converted-space\">  <\/span>como fuerza, valor y esperanza, Theresinstadt. Dividida en una gran fortaleza, que fue <span class=\"Apple-converted-space\">  <\/span>sirviendo a<span class=\"Apple-converted-space\">  <\/span>un prop\u00f3sito de<span class=\"Apple-converted-space\">  <\/span>Jud\u00edo<span class=\"Apple-converted-space\">  <\/span>gueto y<span class=\"Apple-converted-space\">  <\/span>un peque\u00f1o<span class=\"Apple-converted-space\">  <\/span>fortaleza utilizada como prisi\u00f3n pol\u00edtica de la gestapo.Una ciudad con<span class=\"Apple-converted-space\">  <\/span>su<span class=\"Apple-converted-space\">  <\/span>propio<span class=\"Apple-converted-space\">  <\/span>sistema de transporte ferroviario<span class=\"Apple-converted-space\">, <\/span>donde m\u00e1s de 150 mil personas<span class=\"Apple-converted-space\">  <\/span>incluyendo<span class=\"Apple-converted-space\">  <\/span>15 mil de ni\u00f1os<span class=\"Apple-converted-space\">  <\/span>fueron enviados y retenidos durante meses y a\u00f1os, antes de que<span class=\"Apple-converted-space\">  <\/span>ser deportado<span class=\"Apple-converted-space\">  <\/span>a<span class=\"Apple-converted-space\">  <\/span>campos de exterminio.<\/p>\n<p class=\"p1\">Menos de<span class=\"Apple-converted-space\"> <\/span>150 ni\u00f1os sobrevivieron.<span class=\"Apple-converted-space\"> <\/span><\/p>\n<p class=\"p1\"><strong>Duraci\u00f3n de la excursi\u00f3n:<\/strong> 7 horas<\/p>\n<p class=\"p1\"><strong>Precio:<\/strong> <span class=\"currency\">4900 K\u010d<\/span><\/p>\n<p class=\"p1\"><strong>Hora de inicio:<\/strong> 9.00 horas<\/p>\n<p class=\"p1\"><strong>Qu\u00e9 incluye<span class=\"Apple-converted-space\">  <\/span>:<\/strong><\/p>\n<ul>\n<li class=\"p1\">Coche\/minivan privado<\/li>\n<li class=\"p1\">Gu\u00eda\/conductor privado<\/li>\n<li class=\"p1\">Entradas<span class=\"Apple-converted-space\">  <\/span>a la peque\u00f1a fortaleza<span class=\"Apple-converted-space\">  <\/span>y al museo del gueto<span class=\"Apple-converted-space\"> <\/span><\/li>\n<li class=\"p1\">Almuerzo tradicional checo<\/li>\n<li class=\"p1\">Agua embotellada a bordo<\/li>\n<\/ul>\n<p class=\"p1\"><strong>Sobre la gira:<\/strong><\/p>\n<p class=\"p1\">Te recoger\u00e1 tu gu\u00eda privado en<span class=\"Apple-converted-space\">  <\/span>el lugar de tu estancia en Praga, y<span class=\"Apple-converted-space\">  <\/span>embarque para un viaje de menos de una hora<span class=\"Apple-converted-space\">  <\/span><span class=\"Apple-converted-space\">  <\/span> a Terez\u00edn.<\/p>\n<p class=\"p1\">Nuestra primera parada ser\u00e1<span class=\"Apple-converted-space\"> <\/span>una peque\u00f1a fortaleza y un cementerio nacional. Una antigua prisi\u00f3n pol\u00edtica donde, no<span class=\"Apple-converted-space\">  <\/span>s\u00f3lo<span class=\"Apple-converted-space\">  <\/span>jud\u00edos, sino tambi\u00e9n muchos miembros<span class=\"Apple-converted-space\">  <\/span>de<span class=\"Apple-converted-space\">  <\/span>resistencia<span class=\"Apple-converted-space\">  <\/span>de<span class=\"Apple-converted-space\">  <\/span>en todo el<span class=\"Apple-converted-space\">  <\/span>Europa<span class=\"Apple-converted-space\">  <\/span>se celebraron. Nosotros<span class=\"Apple-converted-space\">  <\/span>caminar<span class=\"Apple-converted-space\">  <\/span>a trav\u00e9s de diferentes patios visitando<span class=\"Apple-converted-space\">  <\/span>masa y<span class=\"Apple-converted-space\">  <\/span>solitario<span class=\"Apple-converted-space\">  <\/span>celdas, un lugar triste<span class=\"Apple-converted-space\">  <\/span>donde<span class=\"Apple-converted-space\">  <\/span>horrible<span class=\"Apple-converted-space\">  <\/span>sufrimiento. Ver<span class=\"Apple-converted-space\">  <\/span>una pel\u00edcula de propaganda de 10 minutos, filmada con la intenci\u00f3n de mostrar lo bien que estaban<span class=\"Apple-converted-space\">  <\/span>el<span class=\"Apple-converted-space\">  <\/span>Jud\u00edos<span class=\"Apple-converted-space\">  <\/span>vivir mientras<span class=\"Apple-converted-space\">  <\/span>en<span class=\"Apple-converted-space\">  <\/span>Terezin.<\/p>\n<p class=\"p1\">En<span class=\"Apple-converted-space\">  <\/span>un peque\u00f1o<span class=\"Apple-converted-space\">  <\/span>fortaleza que<span class=\"Apple-converted-space\">  <\/span>se mover\u00e1<span class=\"Apple-converted-space\">  <\/span>acerca de<span class=\"Apple-converted-space\">  <\/span>a 800 metros<span class=\"Apple-converted-space\">  <\/span>a<span class=\"Apple-converted-space\">  <\/span>gran fortaleza, donde<span class=\"Apple-converted-space\">  <\/span>nosotros<span class=\"Apple-converted-space\">  <\/span>se<span class=\"Apple-converted-space\">  <\/span>visite<span class=\"Apple-converted-space\">  <\/span>un museo del gueto<span class=\"Apple-converted-space\">  <\/span>y<span class=\"Apple-converted-space\">  <\/span>un crematorio, construido por los presos . Terminaremos nuestro recorrido lleno de emociones con un delicioso almuerzo tradicional checo.<\/p>\n","protected":false},"excerpt":{"rendered":"<p><span class=\"country\">Inicio: 9 h<\/span><br \/>\n<span class=\"currency\">Precio: 4900 K\u010d<\/span><br \/>\n<span class=\"time\">Duraci\u00f3n: 7<\/span> horas<\/p>\n","protected":false},"featured_media":20268,"comment_status":"open","ping_status":"closed","template":"","meta":{"_et_pb_use_builder":"","_et_pb_old_content":"","_et_gb_content_width":""},"product_brand":[],"product_cat":[83],"product_tag":[],"class_list":{"0":"post-20865","1":"product","2":"type-product","3":"status-publish","4":"has-post-thumbnail","6":"product_cat-sin-categorizar","8":"first","9":"instock","10":"shipping-taxable","11":"purchasable","12":"product-type-variable"},"aioseo_notices":[],"_links":{"self":[{"href":"https:\/\/novapraguetours.cz\/es\/wp-json\/wp\/v2\/product\/20865","targetHints":{"allow":["GET"]}}],"collection":[{"href":"https:\/\/novapraguetours.cz\/es\/wp-json\/wp\/v2\/product"}],"about":[{"href":"https:\/\/novapraguetours.cz\/es\/wp-json\/wp\/v2\/types\/product"}],"replies":[{"embeddable":true,"href":"https:\/\/novapraguetours.cz\/es\/wp-json\/wp\/v2\/comments?post=20865"}],"wp:featuredmedia":[{"embeddable":true,"href":"https:\/\/novapraguetours.cz\/es\/wp-json\/wp\/v2\/media\/20268"}],"wp:attachment":[{"href":"https:\/\/novapraguetours.cz\/es\/wp-json\/wp\/v2\/media?parent=20865"}],"wp:term":[{"taxonomy":"product_brand","embeddable":true,"href":"https:\/\/novapraguetours.cz\/es\/wp-json\/wp\/v2\/product_brand?post=20865"},{"taxonomy":"product_cat","embeddable":true,"href":"https:\/\/novapraguetours.cz\/es\/wp-json\/wp\/v2\/product_cat?post=20865"},{"taxonomy":"product_tag","embeddable":true,"href":"https:\/\/novapraguetours.cz\/es\/wp-json\/wp\/v2\/product_tag?post=20865"}],"curies":[{"name":"wp","href":"https:\/\/api.w.org\/{rel}","templated":true}]}}

Excursión de un día al campo de concentración de Terezin con degustación de almuerzo tradicional checo

<p class="p1">Una sofisticada fortaleza militar fundada en el siglo XVIII por<span class="Apple-converted-space">  </span>Emperador José II y nombrado en<span class="Apple-converted-space">  </span>honor<span class="Apple-converted-space">  </span>de su<span class="Apple-converted-space">  </span>madre Emperatriz, María<span class="Apple-converted-space">  </span>Theresa. Pueblo, eso cambió drásticamente durante <span class="Apple-converted-space">  </span>la segunda guerra mundial<span class="Apple-converted-space">  </span>y fue<span class="Apple-converted-space">  </span>convertido<span class="Apple-converted-space">  </span>colocar<span class="Apple-converted-space">  </span>de<span class="Apple-converted-space">  </span>dolor y<span class="Apple-converted-space">  </span>también sufren<span class="Apple-converted-space">  </span>como fuerza, valor y esperanza, Theresinstadt. Dividida en una gran fortaleza, que fue <span class="Apple-converted-space">  </span>sirviendo a<span class="Apple-converted-space">  </span>un propósito de<span class="Apple-converted-space">  </span>Judío<span class="Apple-converted-space">  </span>gueto y<span class="Apple-converted-space">  </span>un pequeño<span class="Apple-converted-space">  </span>fortaleza utilizada como prisión política de la gestapo.Una ciudad con<span class="Apple-converted-space">  </span>su<span class="Apple-converted-space">  </span>propio<span class="Apple-converted-space">  </span>sistema de transporte ferroviario<span class="Apple-converted-space">, </span>donde más de 150 mil personas<span class="Apple-converted-space">  </span>incluyendo<span class="Apple-converted-space">  </span>15 mil de niños<span class="Apple-converted-space">  </span>fueron enviados y retenidos durante meses y años, antes de que<span class="Apple-converted-space">  </span>ser deportado<span class="Apple-converted-space">  </span>a<span class="Apple-converted-space">  </span>campos de exterminio.</p>
<p class="p1">Menos de<span class="Apple-converted-space"> </span>150 niños sobrevivieron.<span class="Apple-converted-space"> </span></p>
<p class="p1"><strong>Duración de la excursión:</strong> 7 horas</p>
<p class="p1"><strong>Precio:</strong> <span class="currency">4900 Kč</span></p>
<p class="p1"><strong>Hora de inicio:</strong> 9.00 horas</p>
<p class="p1"><strong>Qué incluye<span class="Apple-converted-space">  </span>:</strong></p>
<ul>
<li class="p1">Coche/minivan privado</li>
<li class="p1">Guía/conductor privado</li>
<li class="p1">Entradas<span class="Apple-converted-space">  </span>a la pequeña fortaleza<span class="Apple-converted-space">  </span>y al museo del gueto<span class="Apple-converted-space"> </span></li>
<li class="p1">Almuerzo tradicional checo</li>
<li class="p1">Agua embotellada a bordo</li>
</ul>
<p class="p1"><strong>Sobre la gira:</strong></p>
<p class="p1">Te recogerá tu guía privado en<span class="Apple-converted-space">  </span>el lugar de tu estancia en Praga, y<span class="Apple-converted-space">  </span>embarque para un viaje de menos de una hora<span class="Apple-converted-space">  </span><span class="Apple-converted-space">  </span> a Terezín.</p>
<p class="p1">Nuestra primera parada será<span class="Apple-converted-space"> </span>una pequeña fortaleza y un cementerio nacional. Una antigua prisión política donde, no<span class="Apple-converted-space">  </span>sólo<span class="Apple-converted-space">  </span>judíos, sino también muchos miembros<span class="Apple-converted-space">  </span>de<span class="Apple-converted-space">  </span>resistencia<span class="Apple-converted-space">  </span>de<span class="Apple-converted-space">  </span>en todo el<span class="Apple-converted-space">  </span>Europa<span class="Apple-converted-space">  </span>se celebraron. Nosotros<span class="Apple-converted-space">  </span>caminar<span class="Apple-converted-space">  </span>a través de diferentes patios visitando<span class="Apple-converted-space">  </span>masa y<span class="Apple-converted-space">  </span>solitario<span class="Apple-converted-space">  </span>celdas, un lugar triste<span class="Apple-converted-space">  </span>donde<span class="Apple-converted-space">  </span>horrible<span class="Apple-converted-space">  </span>sufrimiento. Ver<span class="Apple-converted-space">  </span>una película de propaganda de 10 minutos, filmada con la intención de mostrar lo bien que estaban<span class="Apple-converted-space">  </span>el<span class="Apple-converted-space">  </span>Judíos<span class="Apple-converted-space">  </span>vivir mientras<span class="Apple-converted-space">  </span>en<span class="Apple-converted-space">  </span>Terezin.</p>
<p class="p1">En<span class="Apple-converted-space">  </span>un pequeño<span class="Apple-converted-space">  </span>fortaleza que<span class="Apple-converted-space">  </span>se moverá<span class="Apple-converted-space">  </span>acerca de<span class="Apple-converted-space">  </span>a 800 metros<span class="Apple-converted-space">  </span>a<span class="Apple-converted-space">  </span>gran fortaleza, donde<span class="Apple-converted-space">  </span>nosotros<span class="Apple-converted-space">  </span>se<span class="Apple-converted-space">  </span>visite<span class="Apple-converted-space">  </span>un museo del gueto<span class="Apple-converted-space">  </span>y<span class="Apple-converted-space">  </span>un crematorio, construido por los presos . Terminaremos nuestro recorrido lleno de emociones con un delicioso almuerzo tradicional checo.</p>

<p><span class="country">Inicio: 9 h</span><br />
<span class="currency">Precio: 4900 Kč</span><br />
<span class="time">Duración: 7</span> horas</p>
